{"id":10437,"date":"2026-02-01T23:33:03","date_gmt":"2026-02-01T22:33:03","guid":{"rendered":"https:\/\/www.familie-schrade-stiftung.de\/wordpress\/?page_id=10437"},"modified":"2026-02-01T23:34:09","modified_gmt":"2026-02-01T22:34:09","slug":"datenschutzerklaerung","status":"publish","type":"page","link":"https:\/\/www.familie-schrade-stiftung.de\/?page_id=10437","title":{"rendered":"Datenschutzerkl\u00e4rung"},"content":{"rendered":"\t\t<div data-elementor-type=\"wp-page\" data-elementor-id=\"10437\" class=\"elementor elementor-10437\">\n\t\t\t\t<div class=\"elementor-element elementor-element-4c46353 e-flex e-con-boxed e-con e-parent\" data-id=\"4c46353\" data-element_type=\"container\" data-e-type=\"container\">\n\t\t\t\t\t<div class=\"e-con-inner\">\n\t\t<div class=\"elementor-element elementor-element-0a5f028 e-con-full e-flex e-con e-child\" data-id=\"0a5f028\" data-element_type=\"container\" data-e-type=\"container\">\n\t\t\t\t<div class=\"elementor-element elementor-element-8d68269 elementor-widget elementor-widget-slider_revolution\" data-id=\"8d68269\" data-element_type=\"widget\" data-e-type=\"widget\" data-widget_type=\"slider_revolution.default\">\n\t\t\t\t\t\n\t\t<div class=\"wp-block-themepunch-revslider\">\n\t\t\t\t<p class=\"rs-p-wp-fix\"><\/p>\n\t\t\t\t<sr7-module data-alias=\"thrills_slider\" data-id=\"1\" id=\"SR7_1_1\" class=\"rs-ov-hidden\" data-version=\"6.7.34\">\n\t\t\t\t\t<sr7-adjuster><\/sr7-adjuster>\n\t\t\t\t\t<sr7-content>\n\t\t\t\t\t\t<sr7-slide id=\"SR7_1_1-1\" data-key=\"1\">\n\t\t\t\t\t\t\t<sr7-bg id=\"SR7_1_1-1-1\" class=\"sr7-layer\"><noscript><img decoding=\"async\" src=\"https:\/\/www.familie-schrade-stiftung.de\/wp-content\/uploads\/2026\/01\/2.jpg\" alt=\"\" title=\"2\"><\/noscript><\/sr7-bg>\n\t\t\t\t\t\t<\/sr7-slide>\n\t\t\t\t\t\t<sr7-slide id=\"SR7_1_1-2\" data-key=\"2\">\n\t\t\t\t\t\t\t<sr7-bg id=\"SR7_1_1-2-1\" class=\"sr7-layer\"><noscript><img decoding=\"async\" src=\"https:\/\/www.familie-schrade-stiftung.de\/wp-content\/uploads\/2026\/01\/1.jpg\" alt=\"\" title=\"1\"><\/noscript><\/sr7-bg>\n\t\t\t\t\t\t<\/sr7-slide>\n\t\t\t\t\t\t<sr7-slide id=\"SR7_1_1-4\" data-key=\"4\">\n\t\t\t\t\t\t\t<sr7-bg id=\"SR7_1_1-4-1\" class=\"sr7-layer\"><noscript><img decoding=\"async\" src=\"https:\/\/www.familie-schrade-stiftung.de\/wp-content\/uploads\/2026\/01\/3.jpg\" alt=\"\" title=\"3\"><\/noscript><\/sr7-bg>\n\t\t\t\t\t\t<\/sr7-slide>\n\t\t\t\t\t\t<sr7-slide id=\"SR7_1_1-5\" data-key=\"5\">\n\t\t\t\t\t\t\t<sr7-bg id=\"SR7_1_1-5-1\" class=\"sr7-layer\"><noscript><img decoding=\"async\" src=\"https:\/\/www.familie-schrade-stiftung.de\/wp-content\/uploads\/2026\/01\/4.jpg\" alt=\"\" title=\"4\"><\/noscript><\/sr7-bg>\n\t\t\t\t\t\t<\/sr7-slide>\n\t\t\t\t\t\t<sr7-slide id=\"SR7_1_1-6\" data-key=\"6\">\n\t\t\t\t\t\t\t<sr7-bg id=\"SR7_1_1-6-1\" class=\"sr7-layer\"><noscript><img decoding=\"async\" src=\"https:\/\/www.familie-schrade-stiftung.de\/wp-content\/uploads\/2026\/02\/schloss.jpg\" alt=\"\" title=\"schloss\"><\/noscript><\/sr7-bg>\n\t\t\t\t\t\t<\/sr7-slide>\n\t\t\t\t\t\t<sr7-slide id=\"SR7_1_1-3\" data-key=\"3\">\n\t\t\t\t\t\t<\/sr7-slide>\n\t\t\t\t\t<\/sr7-content>\n\t\t\t\t\t<image_lists style=\"display:none\">\n\t\t\t\t\t\t<img data-src=\"\/\/www.familie-schrade-stiftung.de\/wp-content\/uploads\/2026\/01\/2.jpg\" data-libid=\"10223\" data-lib=\"medialibrary\" title=\"2\" width=\"0\" height=\"0\" data-dbsrc=\"Ly93d3cuZmFtaWxpZS1zY2hyYWRlLXN0aWZ0dW5nLmRlL3dwLWNvbnRlbnQvdXBsb2Fkcy8yMDI2LzAxLzIuanBn\"\/>\n\t\t\t\t\t\t<img data-src=\"\/\/www.familie-schrade-stiftung.de\/wp-content\/uploads\/2026\/01\/1.jpg\" data-libid=\"10224\" data-lib=\"medialibrary\" title=\"1\" width=\"0\" height=\"0\" data-dbsrc=\"Ly93d3cuZmFtaWxpZS1zY2hyYWRlLXN0aWZ0dW5nLmRlL3dwLWNvbnRlbnQvdXBsb2Fkcy8yMDI2LzAxLzEuanBn\"\/>\n\t\t\t\t\t\t<img data-src=\"\/\/www.familie-schrade-stiftung.de\/wp-content\/uploads\/2026\/01\/3.jpg\" data-libid=\"10222\" data-lib=\"medialibrary\" title=\"3\" width=\"0\" height=\"0\" data-dbsrc=\"Ly93d3cuZmFtaWxpZS1zY2hyYWRlLXN0aWZ0dW5nLmRlL3dwLWNvbnRlbnQvdXBsb2Fkcy8yMDI2LzAxLzMuanBn\"\/>\n\t\t\t\t\t\t<img loading=\"lazy\" data-src=\"\/\/www.familie-schrade-stiftung.de\/wp-content\/uploads\/2026\/01\/4.jpg\" data-libid=\"10221\" data-lib=\"medialibrary\" title=\"4\" width=\"0\" height=\"0\" data-dbsrc=\"Ly93d3cuZmFtaWxpZS1zY2hyYWRlLXN0aWZ0dW5nLmRlL3dwLWNvbnRlbnQvdXBsb2Fkcy8yMDI2LzAxLzQuanBn\"\/>\n\t\t\t\t\t\t<img loading=\"lazy\" data-src=\"\/\/www.familie-schrade-stiftung.de\/wp-content\/uploads\/2026\/02\/schloss.jpg\" data-libid=\"10542\" data-lib=\"medialibrary\" title=\"schloss\" width=\"0\" height=\"0\" data-dbsrc=\"Ly93d3cuZmFtaWxpZS1zY2hyYWRlLXN0aWZ0dW5nLmRlL3dwLWNvbnRlbnQvdXBsb2Fkcy8yMDI2LzAyL3NjaGxvc3MuanBn\"\/>\n\t\t\t\t\t\t<img loading=\"lazy\" data-src=\"\/\/www.familie-schrade-stiftung.de\/wordpress\/wp-content\/uploads\/2026\/01\/2.jpg\" data-libid=\"10223\" data-lib=\"medialibrary\" title=\"2\" width=\"0\" height=\"0\" data-dbsrc=\"Ly93d3cuZmFtaWxpZS1zY2hyYWRlLXN0aWZ0dW5nLmRlL3dvcmRwcmVzcy93cC1jb250ZW50L3VwbG9hZHMvMjAyNi8wMS8yLmpwZw==\"\/>\n\t\t\t\t\t<\/image_lists>\n\t\t\t\t<\/sr7-module>\n\t\t\t\t<script>\n\t\t\t\t\tSR7.PMH ??={}; SR7.PMH[\"SR7_1_1\"] = {cn:100,state:false,fn: function() { if (_tpt!==undefined && _tpt.prepareModuleHeight !== undefined) {  _tpt.prepareModuleHeight({id:\"SR7_1_1\",el:[923,923,500,450,400],type:'standard',shdw:'0',gh:[923,923,500,450,400],gw:[1903,1903,1024,778,480],vpt:['-100px&#039;,&#039;-100px&#039;,&#039;-100px&#039;,&#039;-100px&#039;,&#039;-100px'],size:{fullWidth:true, fullHeight:false},mh:'0',onh:0,onw:0,bg:{color:'{\"type\":\"solid\",\"orig\":\"#1b3e41\",\"string\":\"rgba(27, 62, 65, 1)\"}'}});   SR7.PMH[\"SR7_1_1\"].state=true;} else if(SR7.PMH[\"SR7_1_1\"].cn-->0)\tsetTimeout( SR7.PMH[\"SR7_1_1\"].fn,19);}};SR7.PMH[\"SR7_1_1\" ].fn();\n\t\t\t\t<\/script>\n<\/div>\n\n\t\t\t\t\t\t<\/div>\n\t\t\t\t<\/div>\n\t\t\t\t\t<\/div>\n\t\t\t\t<\/div>\n\t\t<div class=\"elementor-element elementor-element-3cb9517 cms-banner-main e-flex e-con-boxed e-con e-parent\" data-id=\"3cb9517\" data-element_type=\"container\" data-e-type=\"container\">\n\t\t\t\t\t<div class=\"e-con-inner\">\n\t\t<div class=\"elementor-element elementor-element-6449b36 e-con-full e-flex e-con e-child\" data-id=\"6449b36\" data-element_type=\"container\" data-e-type=\"container\">\n\t\t\t\t<\/div>\n\t\t\t\t\t<\/div>\n\t\t\t\t<\/div>\n\t\t<div class=\"elementor-element elementor-element-53f1e4d cms-banner-main e-con-full e-flex e-con e-parent\" data-id=\"53f1e4d\" data-element_type=\"container\" data-e-type=\"container\">\n\t\t<div class=\"elementor-element elementor-element-d10bc9a e-con-full e-flex e-con e-child\" data-id=\"d10bc9a\" data-element_type=\"container\" data-e-type=\"container\">\n\t\t\t\t<div class=\"elementor-element elementor-element-93607de elementor-widget__width-initial elementor-widget elementor-widget-text-editor\" data-id=\"93607de\" data-element_type=\"widget\" data-e-type=\"widget\" data-widget_type=\"text-editor.default\">\n\t\t\t\t\t\t\t\t\t<div class=\"page-header\">\n<div class=\"page-header\">\n<h2>Datenschutz<\/h2>\n<\/div>\n<div class=\"icons\">\n<div class=\"btn-group pull-right\">&nbsp;<\/div>\n<\/div>\n<dl class=\"article-info muted\"><\/dl>\n<div>\n<p>Informationen zum Datenschutz&nbsp;<br><span style=\"background-color: transparent; letter-spacing: 0.3px;\"><br>Wir freuen uns \u00fcber Ihren Besuch auf unserer Webseite. Der Schutz Ihrer personenbezogenen Daten ist uns ein wichtiges Anliegen. Mit diesen Hinweisen informieren wir Sie \u00fcber die Erhebung und Verarbeitung Ihrer personenbezogenen Daten.<br><\/span><span style=\"background-color: transparent; letter-spacing: 0.3px;\"><br><b>Rechtsgrundlage<\/b><\/span><\/p>\n<p>Die Familie Schrade Stiftung verarbeitet die von Ihnen angegebenen personenbezogenen Daten auf der Grundlage des Art. 6 Absatz 1 Satz 1 Buchstaben a), b) und f) der Verordnung EU 2016\/679 vom 27.4.2016 (EU Datenschutz-Grundverordnung) sowie des Bundesdatenschutzgesetzes (BDSG).<\/p><p><strong>Kontaktaufnahme per E-Mail oder Kontaktformular<\/strong><\/p>\n<p>Bei Ihrer Kontaktaufnahme mit uns per E-Mail oder \u00fcber ein Kontaktformular werden die von Ihnen mitgeteilten Daten (Ihre E-Mail-Adresse, ggf. Ihr Name und Ihre Telefonnummer) von uns gespeichert, um Ihre Fragen zu beantworten (Art. 6 Abs. 1 Satz 1 Buchst. b) DSGVO. Soweit wir \u00fcber unser Kontaktformular Eingaben abfragen, die nicht f\u00fcr eine Kontaktaufnahme erforderlich sind, haben wir diese stets als optional gekennzeichnet. Diese Angaben dienen uns zur Konkretisierung Ihrer Anfrage und zur verbesserten Abwicklung Ihres Anliegens. Eine Mitteilung dieser Angaben erfolgt ausdr\u00fccklich auf freiwilliger Basis und mit Ihrer Einwilligung, Art. 6 Abs.1 Satz 1 Buchst. a) DSGVO. Soweit es sich hierbei um Angaben zu Kommunikationskan\u00e4len (beispielsweise E-Mail-Adresse, Telefonnummer) handelt, willigen Sie au\u00dferdem ein, dass wir Sie ggf. auch \u00fcber diesen Kommunikationskanal kontaktieren, um Ihr Anliegen zu beantworten. Diese Einwilligung k\u00f6nnen Sie selbstverst\u00e4ndlich jederzeit f\u00fcr die Zukunft widerrufen. Um unser berechtigtes Interesse wahrzunehmen (Art. 6 Abs. 1 Satz 1 Buchst. f) DSGVO), nutzen wir Ihre personenbezogenen Daten auch, um Sie postalisch \u00fcber neue Projekte zu informieren.<\/p><p><b>Online-Spenden<br><\/b><span style=\"background-color: transparent; letter-spacing: 0.3px;\"><b><br><\/b>Im Rahmen der Verwendung unseres Spendenformulars speichern wir Ihren Namen, Ihre Bankverbindung und Ihre Adresse und leiten diese zur Auftragsdatenverarbeitung an die Haus des Stiftens gGmbH, Landshuter Allee 11, 80637 M\u00fcnchen weiter. Die Haus des Stiftens gGmbH wird in unserem Auftrag die Finanzbuchhaltung und in der Regel die jeweilige Zuwendungsbescheinigung (Spendenquittung) erstellen.<\/span><\/p><p><strong>Datenweitergabe<\/strong><\/p>\n<p>Ihre personenbezogenen Daten werden von uns nicht an Dritte weitergegeben, sofern Sie uns keine ausdr\u00fcckliche Einwilligung erteilt haben (Art. 6 Abs. 1 Satz 1 Buchst. a) DSGVO), wir nicht in Einzelf\u00e4llen zur Weitergabe rechtlich verpflichtet sind (Art. 6 Abs. 1 Satz 1 Buchst. c) DSGVO) oder es zur Geltendmachung, Aus\u00fcbung oder Verteidigung von Rechtsanspr\u00fcchen erforderlich ist und kein Grund zur Annahme besteht, dass Sie ein \u00fcberwiegendes schutzw\u00fcrdiges Interesse an der Nichtweitergabe Ihrer Daten haben (Art. 6 Abs. 1 Satz 1 Buchst. f) DSGVO).<\/p><p><strong>Speicherdauer<\/strong><\/p>\n<p>Daten, die aufgrund steuer- und handelsrechtlicher Vorschriften einer zehnj\u00e4hrigen Aufbewahrungspflicht unterliegen, werden f\u00fcr diesen Zeitraum gespeichert. Wir werden Ihre personenbezogenen Daten unverz\u00fcglich nach Ablauf der vom Gesetzgeber erlassenen Aufbewahrungspflichten und \u2013fristen l\u00f6schen, sofern der mit der Verarbeitung verfolgte Zweck erreicht ist.<\/p><p><strong>Ihre Rechte<\/strong><\/p>\n<p>Sie haben das Recht, jederzeit Auskunft zu den \u00fcber Sie gespeicherten Daten zu erhalten. Sofern Sie personenbezogene Daten bereitgestellt haben, k\u00f6nnen Sie die \u00dcbermittlung in einem strukturierten, g\u00e4ngigen und maschinenlesbaren Format verlangen.<\/p>\n<p><strong>Cookies<\/strong><\/p>\n<p>Cookies sind kleine Textdateien, die von einem Webserver an einen Webbrowser des Besuchers gesendet, dort gespeichert und f\u00fcr einen sp\u00e4teren Abruf bereitgehalten werden und die eine Analyse der Benutzung der Website durch Sie erm\u00f6glichen. Wir verwenden auf unterschiedlichen Seiten so genannte Session-Cookies, um Ihnen den Besuch unserer Website attraktiver zu gestalten und die Nutzung bestimmter Funktionen zu erm\u00f6glichen. Diese werden automatisch nach der Beendigung Ihrer Browser-Sitzung gel\u00f6scht.<\/p>\n<p>Wir verwenden auch langfristige Cookies, die vor allem dazu genutzt werden, um Ihnen als Besucher unserer Website dauerhaft wiederkehrende Einstellungen bereitstellen zu k\u00f6nnen. Cookies erm\u00f6glichen uns im Rahmen der G\u00fcltigkeitsdauer der Cookies auch eine Analyse Ihres Nutzungsverhaltens. Dies erm\u00f6glicht uns eine Anpassung unserer Website individuell an Ihre W\u00fcnsche.<\/p>\n<p>Wir speichern Ihre Daten in diesem Zusammenhang ohne Personenbezug und erstellen keine Nutzerprofile.<\/p>\n<p>Sie k\u00f6nnen die Speicherung von Cookies auf Ihrem Rechner durch entsprechende \u00c4nderung Ihrer Browser-Einstellungen verhindern, sodass Cookies nicht akzeptiert werden. Hierdurch kann jedoch der Funktionsumfang unseres Internetangebots oder unserer Services unter Umst\u00e4nden eingeschr\u00e4nkt werden.<strong style=\"background-color: transparent; letter-spacing: 0.3px;\">&nbsp;<\/strong><\/p><p><strong>Verantwortlicher f\u00fcr die Datenverarbeitung<\/strong><\/p>\n<p>Sie k\u00f6nnen jederzeit die Korrektur oder die L\u00f6schung Ihrer Daten verlangen, sofern f\u00fcr Letzteres keine gesetzlichen Aufbewahrungspflichten und \u2013fristen bestehen oder diese nicht mehr bestehen (siehe Ziffer 5.). Falls Sie der Verarbeitung von Daten widersprechen wollen oder bei sonstigen Fragen zum Datenschutz wenden Sie sich an folgende Kontaktperson: :<\/p>\n<p>Heidi Schrade<\/p>\n<p>Familie Schrade Stiftung<\/p>\n<p>Lindenstra\u00dfe 57\/0<\/p>\n<p><span id=\"cloak857d20cef96556495322c3d50e61510a\"><a href=\"mailto:info@familie-schrade-stiftung.de\">info@familie-schrade-stiftung.de<\/a><\/span><strong style=\"background-color: transparent; letter-spacing: 0.3px;\">&nbsp;<\/strong><\/p><p><strong>Recht auf Beschwerde bei einer Aufsichtsbeh\u00f6rde<\/strong><\/p>\n<p>Daneben steht Ihnen ein Beschwerderecht bei einer Aufsichtsbeh\u00f6rde zu. Die f\u00fcr die Familie Schrade Stiftung zust\u00e4ndige Aufsichtsbeh\u00f6rde ist das Landesamt f\u00fcr Datenschutzaufsicht, K\u00f6nigstrasse 10a, 70173 Stuttgart.<\/p>\n<\/div>\n<\/div>\t\t\t\t\t\t\t\t<\/div>\n\t\t\t\t<\/div>\n\t\t\t\t<\/div>\n\t\t\t\t<\/div>\n\t\t","protected":false},"excerpt":{"rendered":"<p>Datenschutz &nbsp; Informationen zum Datenschutz&nbsp; Wir freuen uns \u00fcber Ihren Besuch auf unserer Webseite. Der Schutz Ihrer personenbezogenen Daten ist uns ein wichtiges Anliegen. Mit diesen Hinweisen informieren wir Sie \u00fcber die Erhebung und Verarbeitung Ihrer personenbezogenen Daten. Rechtsgrundlage Die Familie Schrade Stiftung verarbeitet die von Ihnen angegebenen personenbezogenen Daten auf der Grundlage des Art&#8230;.<\/p>\n","protected":false},"author":1,"featured_media":0,"parent":0,"menu_order":0,"comment_status":"closed","ping_status":"closed","template":"elementor_theme","meta":{"_tbt_post_transparent":"","_tbt_post_title":"hide","_tbt_post_layout":"normal","_tbt_post_sidebar_id":"","_tbt_post_content_style":"unboxed","_tbt_post_vertical_padding":"hide","_tbt_post_feature":"default","_tbt_post_feature_position":"","_tbt_post_header":false,"_tbt_post_footer":false},"class_list":["post-10437","page","type-page","status-publish","hentry"],"aioseo_notices":[],"_links":{"self":[{"href":"https:\/\/www.familie-schrade-stiftung.de\/index.php?rest_route=\/wp\/v2\/pages\/10437","targetHints":{"allow":["GET"]}}],"collection":[{"href":"https:\/\/www.familie-schrade-stiftung.de\/index.php?rest_route=\/wp\/v2\/pages"}],"about":[{"href":"https:\/\/www.familie-schrade-stiftung.de\/index.php?rest_route=\/wp\/v2\/types\/page"}],"author":[{"embeddable":true,"href":"https:\/\/www.familie-schrade-stiftung.de\/index.php?rest_route=\/wp\/v2\/users\/1"}],"replies":[{"embeddable":true,"href":"https:\/\/www.familie-schrade-stiftung.de\/index.php?rest_route=%2Fwp%2Fv2%2Fcomments&post=10437"}],"version-history":[{"count":4,"href":"https:\/\/www.familie-schrade-stiftung.de\/index.php?rest_route=\/wp\/v2\/pages\/10437\/revisions"}],"predecessor-version":[{"id":10441,"href":"https:\/\/www.familie-schrade-stiftung.de\/index.php?rest_route=\/wp\/v2\/pages\/10437\/revisions\/10441"}],"wp:attachment":[{"href":"https:\/\/www.familie-schrade-stiftung.de\/index.php?rest_route=%2Fwp%2Fv2%2Fmedia&parent=10437"}],"curies":[{"name":"wp","href":"https:\/\/api.w.org\/{rel}","templated":true}]}}